NOAA-Style Climate Reports

Select a Year or Month report
2020: Jan Feb Mar Apr May Jun Jul Aug Sep Oct Nov Dec
2019: Jan Feb Mar Apr May Jun Jul Aug Sep Oct Nov Dec
2018: Jan Feb Mar Apr May Jun Jul Aug Sep Oct Nov Dec
2017: Jan Feb Mar Apr May Jun Jul Aug Sep Oct Nov Dec
2016: Jan Feb Mar Apr May Jun Jul Aug Sep Oct Nov Dec

Report for 2019 October
                   Monthly Climatological Summary for Oct 2019

Name: Weather South Central Topeka   City: Topeka   State: KS
Elevation: 283 m  Lat: N 39° 01' 34"   Lon: W 095° 42' 32"

                  Temperature (°F), Rain (in), Wind Speed (mph)

                                      Heat  Cool        Avg
    Mean                              Deg   Deg         Wind                 Dom
Day Temp  High   Time   Low    Time   Days  Days  Rain  Speed High   Time    Dir
----------------------------------------------------------------------------------
 1  80.2  90.9   14:23  72.7   23:40   0.0  15.2  0.08   1.5   9.4   12:06     S
 2  69.6  83.3   13:11  57.6   23:55   0.9   5.5  0.98   1.1  10.9   17:04    NW
 3  55.5  60.6   15:58  51.3   08:56   9.5   0.0  0.00   1.8  11.9   03:05     N
 4  54.4  57.0   13:27  52.7   00:25  10.5   0.0  0.31   0.2   6.6   03:17    NE
 5  63.2  76.3   15:14  51.3   23:55   3.9   2.1  0.39   0.8  12.4   14:22     W
 6  54.6  71.1   15:30  45.9   05:59  10.8   0.5  0.00   0.5  14.0   15:39   NNE
 7  55.4  75.7   14:48  41.7   07:14  11.4   1.8  0.00   0.3   7.1   10:06   WNW
 8  58.8  76.3   15:18  46.4   03:57   8.4   2.2  0.00   0.8   9.4   13:02   SSE
 9  59.3  67.1   16:28  54.1   01:32   5.7   0.1  0.08   1.1  11.4   15:15    SE
10  59.0  76.8   13:16  42.1   23:52   7.3   1.3  0.00   2.1  19.3   17:01     W
11  42.4  53.1   15:00  33.3   23:58  22.6   0.0  0.00   3.3  19.0   15:03     W
12  49.9  73.0   15:03  32.0   01:27  16.1   1.0  0.00   1.4  17.5   14:44    SW
13  49.6  69.1   15:11  35.6   07:30  15.7   0.3  0.00   0.4   8.6   13:56   NNW
14  55.8  78.6   14:50  37.6   07:29  11.9   2.7  0.00   0.8  11.4   13:47   SSE
15  61.1  72.5   14:09  44.8   23:54   4.8   0.9  0.00   2.4  18.5   16:25     N
16  49.1  63.5   14:36  39.7   04:21  15.9   0.0  0.00   1.0  11.4   08:19    NW
17  54.7  73.2   15:01  39.8   04:08  11.5   1.3  0.00   0.7   8.6   11:42   SSE
18  62.4  76.1   14:54  53.2   07:13   4.8   2.2  0.00   2.2  14.5   14:08   SSE
19  59.2  71.1   15:10  48.4   23:59   6.5   0.7  0.04   0.7  10.9   13:16     N
20  56.5  67.3   13:03  44.4   07:39   8.8   0.3  0.04   1.3  11.4   12:31    SE
21  51.7  59.2   14:43  44.4   07:39  13.3   0.0  0.00   3.0  19.8   13:54   WSW
22  50.3  63.0   14:42  43.0   06:59  14.7   0.0  0.00   1.9  16.5   12:14     W
23  56.5  72.1   13:31  45.3   00:00   9.3   0.8  0.00   1.3  15.0   23:26     W
24  46.4  53.4   00:00  42.1   23:46  18.6   0.0  0.00   3.0  13.4   14:31   NNE
25  44.0  58.3   14:48  34.2   08:09  21.0   0.0  0.00   0.6   9.4   12:06   NNE
26  45.7  63.7   15:01  32.5   07:18  19.2   0.0  0.00   0.2   9.4   14:31   WNW
27  45.7  58.1   14:29  37.0   07:57  19.3   0.0  0.00   2.3  15.0   21:14   NNE
28  37.9  43.2   00:00  33.3   23:35  27.1   0.0  0.04   2.4  12.4   01:47   NNE
29  34.4  37.8   15:01  31.8   06:14  30.6   0.0  0.00   1.9   9.9   18:57   NNE
30  33.6  35.8   02:43  29.7   23:42  31.4   0.0  0.00   3.3  15.5   12:47   NNE
31  31.3  43.9   14:54  22.6   07:58  33.7   0.0  0.00   0.8  11.9   13:42     W
----------------------------------------------------------------------------------
    52.5  90.9     1    22.6    31   425.2  38.9  1.96   1.5  19.8    21      NW

Max >=  80.0:  2
Max <=  32.0:  0
Min <=  32.0:  4
Min <=   0.0:  0
Max Rain: 0.98 on day 2
Days of Rain: 8 (>= 0.01 in)  3 (>= 0.10 in)  0 (>= 1.00 in)
Heat Base: 65.0  Cool Base: 65.0  Method: Integration