NOAA-Style Climate Reports

Select a Year or Month report
2020: Jan Feb Mar Apr May Jun Jul Aug Sep Oct Nov Dec
2019: Jan Feb Mar Apr May Jun Jul Aug Sep Oct Nov Dec
2018: Jan Feb Mar Apr May Jun Jul Aug Sep Oct Nov Dec
2017: Jan Feb Mar Apr May Jun Jul Aug Sep Oct Nov Dec
2016: Jan Feb Mar Apr May Jun Jul Aug Sep Oct Nov Dec

Report for 2019 September
                   Monthly Climatological Summary for Sep 2019

Name: Weather South Central Topeka   City: Topeka   State: KS
Elevation: 278 m  Lat: N 39° 01' 34"   Lon: W 095° 42' 31"

                  Temperature (°F), Rain (in), Wind Speed (mph)

                                      Heat  Cool        Avg
    Mean                              Deg   Deg         Wind                 Dom
Day Temp  High   Time   Low    Time   Days  Days  Rain  Speed High   Time    Dir
----------------------------------------------------------------------------------
 1  73.9  84.2   16:29  68.9   03:11   0.0   8.9  0.00   0.1   5.4   09:30   SSE
 2  77.7  91.4   16:29  66.6   06:50   0.0  12.7  0.00   0.7   9.6   13:06     S
 3  83.2  95.4   15:39  74.3   06:47   0.0  18.2  0.00   0.3   7.2   12:18     S
 4  76.5  86.0   16:24  69.8   07:00   0.0  11.5  0.00   0.6   8.3   09:30   NNE
 5  79.3  95.2   16:03  67.1   06:53   0.0  14.3  0.00   0.5  10.1   16:37     S
 6  77.2  87.8   15:59  68.9   06:53   0.0  12.2  0.00   1.1  10.5   09:14   NNE
 7  75.9  89.8   16:31  63.5   06:09   0.2  11.0  0.00   0.5   8.3   14:10   SSE
 8  77.9  86.9   16:52  70.3   04:23   0.0  12.9  0.08   0.1   6.7   03:02    NE
 9  81.4  94.1   15:07  71.8   06:49   0.0  16.4  0.00   1.1  12.3   12:09     S
10  79.3  88.5   11:47  74.8   14:46   0.0  14.3  0.08   0.6  11.0   09:25     S
11  80.9  92.8   15:42  72.3   02:34   0.0  16.0  0.00   1.0   8.1   16:50     S
12  74.3  77.9   00:42  66.2   23:55   0.0   9.3  0.83   0.4   8.6   08:18     S
13  68.4  83.5   15:36  57.9   07:11   1.7   5.2  0.00   0.2   8.6   12:23    NW
15  82.1  93.2   14:50  74.1   23:58   1.4   7.0  0.00   0.1   9.1   14:38     S
16  80.1  93.6   14:40  68.7   07:04   0.0  15.1  0.00   0.1   7.1   11:17     S
17  79.7  93.2   16:01  69.8   07:02   0.0  14.7  0.00   0.3   7.1   12:37     S
18  80.4  94.1   15:45  70.0   06:15   0.0  15.4  0.00   0.5  10.4   13:00     S
19  80.1  94.8   15:15  69.6   07:01   0.0  15.1  0.00   0.2   5.6   13:27     S
20  75.3  84.2   12:06  71.6   06:35   0.0  10.3  0.00   0.8  11.9   14:25   SSE
21  75.9  78.8   15:32  73.0   00:19   0.0  10.9  0.00   1.3  12.4   12:24     S
22  71.2  82.4   12:37  60.8   23:50   0.4   6.5  0.28   0.9  12.4   01:12   WNW
23  67.8  84.7   15:44  55.6   06:47   2.8   5.6  0.00   0.2   6.1   13:03    SE
24  71.8  84.4   15:02  60.8   02:05   1.1   7.9  0.00   0.6   9.1   14:08   SSE
25  75.5  86.5   15:32  68.0   23:57   0.0  10.5  0.00   1.8  14.0   23:48   NNE
26  69.3  81.7   15:06  56.7   07:28   1.5   5.8  0.00   0.9  11.4   00:03     E
27  79.6  93.7   15:28  70.5   03:00   0.0  14.6  0.08   2.2  12.4   12:55     S
28  64.5  72.7   00:00  60.4   05:20   1.3   0.8  0.24   1.6  15.5   03:12   NNE
29  77.1  88.0   15:30  66.7   00:00   0.0  12.1  0.00   1.3   9.9   15:05   SSE
30  81.0  90.9   15:36  75.2   07:07   0.0  16.0  0.00   1.6   9.9   12:45     S
----------------------------------------------------------------------------------
    76.5  95.4     3    55.6    23    10.4 331.2  1.59   0.8  15.5    28     SSE

Max >=  80.0: 26
Max <=  32.0:  0
Min <=  32.0:  0
Min <=   0.0:  0
Max Rain: 0.83 on day 12
Days of Rain: 6 (>= 0.01 in)  3 (>= 0.10 in)  0 (>= 1.00 in)
Heat Base: 65.0  Cool Base: 65.0  Method: Integration