NOAA-Style Climate Reports

Select a Year or Month report
2020: Jan Feb Mar Apr May Jun Jul Aug Sep Oct Nov Dec
2019: Jan Feb Mar Apr May Jun Jul Aug Sep Oct Nov Dec
2018: Jan Feb Mar Apr May Jun Jul Aug Sep Oct Nov Dec
2017: Jan Feb Mar Apr May Jun Jul Aug Sep Oct Nov Dec
2016: Jan Feb Mar Apr May Jun Jul Aug Sep Oct Nov Dec

Report for 2019 August
                   Monthly Climatological Summary for Aug 2019

Name: Weather South Central Topeka   City: Topeka   State: KS
Elevation: 278 m  Lat: N 39° 01' 34"   Lon: W 095° 42' 31"

                  Temperature (°F), Rain (in), Wind Speed (mph)

                                      Heat  Cool        Avg
    Mean                              Deg   Deg         Wind                 Dom
Day Temp  High   Time   Low    Time   Days  Days  Rain  Speed High   Time    Dir
----------------------------------------------------------------------------------
 1  76.5  91.0   16:09  72.0   02:07   0.0  11.5  0.08   0.6   8.7   01:53   ESE
 2  76.5  84.7   15:50  71.6   10:25   0.0  11.5  0.35   0.2   5.8   11:01     E
 3  77.9  98.2   11:59  70.3   06:50   0.0  12.9  0.00   0.6   8.3   15:30    NE
 4  77.3  90.0   11:45  69.6   06:54   0.0  12.4  0.00   0.3   6.3   12:15    NE
 5  78.3  88.7   15:15  68.4   05:43   0.0  13.3  0.00   0.1   6.3   13:46   SSW
 6  79.2 101.7   15:07  72.1   05:35   0.0  14.2  0.00   0.5   7.6   18:44     N
 7  75.6  84.7   16:03  70.0   10:34   0.0  10.6  0.98   0.3  17.0   06:50   NNE
 8  75.7  84.9   11:33  69.1   01:33   0.0  10.7  0.00   0.3   7.6   15:48    NW
 9  78.6  91.0   09:44  66.9   06:17   0.0  13.6  0.00   0.1   5.8   13:21    SE
10  80.1  91.9   16:25  70.5   06:41   0.0  15.0  0.00   0.2   6.3   09:31   SSE
11  81.2  89.4   16:46  72.9   07:48   0.0  16.2  0.47   0.3   8.7   12:43     E
12  84.4  96.6   16:01  73.0   06:49   0.0  19.5  0.00   0.3  11.4   04:13   NNW
13  82.7  92.5   15:43  71.4   23:46   0.0  17.5  0.00   0.8   8.7   12:53   NNE
14  77.0  87.3   16:45  69.8   06:05   0.0  11.9  0.00   0.9   8.1   08:46     N
15  74.5  84.5   14:36  63.9   06:31   0.1   9.5  0.00   0.4   9.6   22:33    SE
16  73.5  84.0   16:41  63.8   06:26   0.1   8.6  1.65   0.7  10.5   15:18   SSE
17  77.2  90.7   15:37  65.7   02:46   0.0  12.2  3.46   1.4  15.0   05:24    SE
18  81.0  91.6   16:13  72.1   06:18   0.0  16.0  0.04   0.9  11.0   03:32     S
19  82.7  94.1   16:29  72.5   06:11   0.0  17.7  0.00   0.4   8.3   17:14    SE
20  85.0  95.0   16:22  77.5   07:29   0.0  20.0  0.00   0.7   8.3   16:17    SE
21  77.3  83.3   15:07  71.1   07:59   0.0  12.3  0.08   0.7  13.6   05:13   NNE
22  77.2  85.8   14:40  73.2   04:59   0.0  12.2  0.00   0.0   0.0   00:00   ---
23  77.5  85.8   16:10  71.8   06:32   0.0  12.5  0.00   0.0   7.6   17:24   ---
24  71.4  74.3   16:27  69.1   21:53   0.0   6.4  0.00   0.0   5.8   15:11   ESE
25  70.9  77.5   16:54  67.3   06:38   0.0   5.9  0.55   0.0   6.3   18:55   NNE
26  70.3  77.0   15:08  66.6   10:45   0.0   5.3  0.28   0.2  11.0   10:32   NNE
27  71.4  84.4   15:37  59.9   07:13   0.7   7.1  0.00   0.6  11.0   13:47   NNW
28  71.6  87.4   15:59  57.9   07:02   1.7   8.4  0.00   0.1   9.6   13:51   SSE
29  79.7  93.9   15:41  66.7   00:45   0.0  14.7  0.00   0.6  15.4   23:50     S
30  71.1  81.9   16:20  65.1   05:39   0.0   6.1  3.07   1.3  15.4   00:06    NE
31  69.6  77.9   16:08  61.9   07:07   0.6   5.2  0.00   0.4   6.7   16:09   NNE
----------------------------------------------------------------------------------
    76.9 101.7     6    57.9    28     3.2 370.9 11.01   0.4  17.0     7       E

Max >=  80.0: 27
Max <=  32.0:  0
Min <=  32.0:  0
Min <=   0.0:  0
Max Rain: 3.46 on day 17
Days of Rain: 11 (>= 0.01 in)  8 (>= 0.10 in)  3 (>= 1.00 in)
Heat Base: 65.0  Cool Base: 65.0  Method: Integration