NOAA-Style Climate Reports

Select a Year or Month report
2020: Jan Feb Mar Apr May Jun Jul Aug Sep Oct Nov Dec
2019: Jan Feb Mar Apr May Jun Jul Aug Sep Oct Nov Dec
2018: Jan Feb Mar Apr May Jun Jul Aug Sep Oct Nov Dec
2017: Jan Feb Mar Apr May Jun Jul Aug Sep Oct Nov Dec
2016: Jan Feb Mar Apr May Jun Jul Aug Sep Oct Nov Dec

Report for 2019 May
                   Monthly Climatological Summary for May 2019

Name: Weather South Central Topeka   City: Topeka   State: KS
Elevation: 278 m  Lat: N 39° 01' 34"   Lon: W 095° 42' 31"

                  Temperature (°F), Rain (in), Wind Speed (mph)

                                      Heat  Cool        Avg
    Mean                              Deg   Deg         Wind                 Dom
Day Temp  High   Time   Low    Time   Days  Days  Rain  Speed High   Time    Dir
----------------------------------------------------------------------------------
 1  57.2  62.9   15:49  53.7   06:25   7.8   0.0  0.34   0.4   8.0   21:00   NNE
 2  56.1  65.2   18:27  48.9   06:44   8.9   0.0  0.64   1.3  11.0   12:57   NNE
 3  57.3  63.3   17:30  52.8   01:41   7.7   0.0  0.06   0.2   7.0   17:23    NE
 4  59.6  77.8   18:38  43.6   06:18   7.8   2.4  0.00   0.4   8.0   13:57    NE
 5  65.1  80.7   17:11  49.9   04:10   4.9   5.0  0.00   0.8  15.0   22:20   ESE
 6  65.6  80.7   16:13  53.6   06:53   3.4   4.0  0.02   1.0  17.0   18:36    NE
 7  63.2  66.1   15:16  60.9   06:15   1.9   0.2  0.83   0.6   9.0   15:38    NE
 8  66.1  76.4   16:03  54.3   23:58   2.0   3.1  1.48   0.9  12.0   20:45   SSW
 9  48.2  54.3   00:00  41.8   23:55  16.8   0.0  0.00   1.3  14.0   06:06     N
10  52.2  64.6   16:45  38.0   06:36  12.8   0.0  0.01   0.6   9.0   16:31   NNE
11  54.9  62.3   18:21  51.1   06:21  10.1   0.0  0.07   0.2   6.0   14:58   ESE
12  57.5  70.3   17:50  48.0   23:59   7.8   0.3  0.37   0.6  11.0   14:12     W
13  60.2  78.1   18:16  42.0   06:02   8.0   3.1  0.00   0.4   8.0   15:52   ESE
14  66.8  91.7   10:58  55.2   05:28   3.7   4.9  0.02   0.4   7.0   13:35    SE
15  80.9  89.1   16:38   0.0   00:00   0.0   7.8  0.00   0.1   8.0   12:30     E
16  79.6  93.8   16:56  64.6   06:25   0.0  14.6  0.00   0.2   5.0   12:22   SSW
17  79.1  88.8   16:48  69.7   06:32   0.0  14.1  0.00   0.3   7.0   14:25    SE
18  66.8  75.3   00:22  61.8   21:20   0.6   2.3  1.19   0.1   7.0   04:42    SE
19  61.7  71.1   18:07  54.1   23:18   4.2   1.0  0.41   0.5   7.0   12:53     W
20  52.1  57.6   10:37  46.6   06:27  12.9   0.0  1.44   0.6   9.0   18:23    NE
21  57.8  72.5   18:53  50.9   00:06   7.9   0.7  1.29   0.5   7.0   02:45     E
22  63.9  79.1   17:43  50.5   06:50   4.5   3.4  0.00   0.0   4.0   00:29   SSE
23  64.9  77.7   11:02  53.5   01:12   5.1   5.0  0.00   0.2   6.0   13:19     E
24  72.1  81.8   13:05  67.0   21:13   0.0   7.1  0.72   0.0   5.0   09:24   SSW
25  73.4  83.0   12:52  64.4   06:28   0.0   8.4  0.67   0.1   5.0   22:50   SSW
26  72.5  83.4   15:52  61.7   06:08   0.3   7.5  0.00   0.1   4.0   14:24   ESE
27  77.3  89.7   18:16  71.3   00:24   0.0  12.3  0.21   0.1   4.0   03:54   ESE
28  74.2  79.3   16:00  68.3   23:57   0.0   9.2  0.74   0.0   6.0   22:18     S
29  67.2  74.4   19:10  58.1   23:34   1.0   3.2  0.01   0.1   5.0   10:23     W
30  67.9  81.8   16:13  54.7   05:52   2.8   5.7  0.01   0.1   5.0   15:25     W
31  70.7  85.3   16:33  56.1   06:17   2.3   7.9  0.01   0.0   2.0   13:25   ---
----------------------------------------------------------------------------------
    64.9  93.8    16     0.0    15   145.2 133.2 10.54   0.4  17.0     6     ENE

Max >=  80.0: 12
Max <=  32.0:  0
Min <=  32.0:  1
Min <=   0.0:  1
Max Rain: 1.48 on day 8
Days of Rain: 21 (>= 0.01 in)  13 (>= 0.10 in)  4 (>= 1.00 in)
Heat Base: 65.0  Cool Base: 65.0  Method: Integration