NOAA-Style Climate Reports

Select a Year or Month report
2020: Jan Feb Mar Apr May Jun Jul Aug Sep Oct Nov Dec
2019: Jan Feb Mar Apr May Jun Jul Aug Sep Oct Nov Dec
2018: Jan Feb Mar Apr May Jun Jul Aug Sep Oct Nov Dec
2017: Jan Feb Mar Apr May Jun Jul Aug Sep Oct Nov Dec
2016: Jan Feb Mar Apr May Jun Jul Aug Sep Oct Nov Dec

Report for 2019 April
                   Monthly Climatological Summary for Apr 2019

Name: Weather South Central Topeka   City: Topeka   State: KS
Elevation: 278 m  Lat: N 39° 01' 34"   Lon: W 095° 42' 31"

                  Temperature (°F), Rain (in), Wind Speed (mph)

                                      Heat  Cool        Avg
    Mean                              Deg   Deg         Wind                 Dom
Day Temp  High   Time   Low    Time   Days  Days  Rain  Speed High   Time    Dir
----------------------------------------------------------------------------------
 1  45.2  61.2   17:23  30.6   03:06  19.8   0.0  0.00   0.7  10.0   15:17   SSW
 2  47.9  60.8   18:13  35.3   07:16  17.1   0.0  0.00   0.5  11.0   09:39     N
 3  58.6  68.6   16:04  48.9   04:57   6.9   0.6  0.00   1.3  14.0   14:00   ESE
 4  56.9  63.6   16:14  46.6   23:59   8.1   0.0  0.01   0.5   9.0   00:13     E
 5  57.6  74.2   16:36  43.2   02:52   9.2   1.8  0.00   0.1   6.0   10:30   ESE
 6  63.5  78.5   15:39  51.8   05:46   5.0   3.5  0.46   0.9  11.0   12:52    SE
 7  64.7  82.3   15:39  54.2   23:57   3.5   3.2  0.04   0.4  11.0   17:09   WNW
 8  64.8  84.5   17:42  43.2   06:53   6.3   6.2  0.00   0.6  11.0   16:30     W
 9  67.1  78.8   16:00  48.1   07:12   3.1   5.2  0.00   1.1  16.0   10:38   ESE
10  74.5  88.8   17:10  61.7   07:31   0.5   9.9  0.00   2.1  15.0   09:56    SE
11  51.2  77.3   01:09  37.3   23:55  15.6   1.7  0.00   2.4  14.0   01:57   WSW
12  44.4  59.3   17:52  32.7   06:33  20.6   0.0  0.00   1.9  14.0   13:03     W
13  45.6  57.3   16:16  29.5   06:39  19.4   0.0  0.00   1.8  15.0   18:24   NNE
14  49.7  64.1   17:37  38.2   07:09  15.3   0.0  0.00   1.3  15.0   01:32     N
15  62.5  80.2   16:38  43.6   07:18   7.3   4.9  0.00   0.9  13.0   11:54   SSE
16  71.9  85.4   14:55  56.9   06:52   1.3   8.1  0.00   1.1  14.0   15:04   SSE
17  70.6  79.1   17:15  56.8   23:57   0.3   6.0  0.10   1.0  18.0   20:40   ENE
18  57.8  67.7   17:26  48.4   07:01   7.5   0.2  0.01   2.2  18.0   15:29   NNE
19  54.5  68.5   17:56  42.4   23:59  10.7   0.2  0.00   1.7  16.0   11:19   NNE
20  60.9  82.7   17:18  36.5   06:40   9.5   5.3  0.00   0.7  12.0   17:33   SSE
21  72.9  86.3   16:25  58.3   05:31   1.3   9.2  0.00   2.1  20.0   13:39    SE
22  67.8  75.9   16:45  56.3   23:59   1.3   4.1  0.15   1.0  11.0   02:15     W
23  54.9  57.5   17:51  53.2   23:07  10.1   0.0  0.00   0.6   8.0   16:45   NNE
24  61.2  74.7   16:58  52.7   01:55   5.7   1.9  0.00   0.3   7.0   11:58     E
25  60.1  72.2   11:33  48.2   06:59   6.6   1.7  0.00   1.3  17.0   15:26   NNE
26  61.9  76.7   17:46  45.0   07:15   6.0   2.9  0.00   0.6   8.0   11:42   ENE
27  62.0  75.4   10:58  46.0   23:52   4.3   1.4  0.00   2.5  21.0   17:15   NNW
28  49.9  60.3   18:42  42.3   06:21  15.1   0.0  0.10   1.2   9.0   00:47     E
29  59.0  65.2   16:29  52.2   04:28   6.0   0.0  1.02   1.4  12.0   10:23   NNE
30  53.8  57.7   20:04  51.0   04:25  11.2   0.0  2.31   0.4  12.0   14:43    NE
----------------------------------------------------------------------------------
    59.1  88.8    10    29.5    13   254.6  78.0  4.20   1.2  21.0    27      NE

Max >=  80.0:  7
Max <=  32.0:  0
Min <=  32.0:  2
Min <=   0.0:  0
Max Rain: 2.31 on day 30
Days of Rain: 9 (>= 0.01 in)  6 (>= 0.10 in)  2 (>= 1.00 in)
Heat Base: 65.0  Cool Base: 65.0  Method: Integration