NOAA-Style Climate Reports

Select a Year or Month report
2020: Jan Feb Mar Apr May Jun Jul Aug Sep Oct Nov Dec
2019: Jan Feb Mar Apr May Jun Jul Aug Sep Oct Nov Dec
2018: Jan Feb Mar Apr May Jun Jul Aug Sep Oct Nov Dec
2017: Jan Feb Mar Apr May Jun Jul Aug Sep Oct Nov Dec
2016: Jan Feb Mar Apr May Jun Jul Aug Sep Oct Nov Dec

Report for 2019 March
                   Monthly Climatological Summary for Mar 2019

Name: Weather South Central Topeka   City: Topeka   State: KS
Elevation: 278 m  Lat: N 39° 01' 34"   Lon: W 095° 42' 31"

                  Temperature (°F), Rain (in), Wind Speed (mph)

                                      Heat  Cool        Avg
    Mean                              Deg   Deg         Wind                 Dom
Day Temp  High   Time   Low    Time   Days  Days  Rain  Speed High   Time    Dir
----------------------------------------------------------------------------------
 1  29.2  41.1   15:24  15.1   06:31  35.8   0.0  0.00   0.4   9.0   23:34   ENE
 2  25.7  31.3   00:00  20.0   23:38  39.3   0.0  0.00   2.5  14.0   13:01   NNE
 3  11.3  20.1   00:00   3.5   21:42  53.7   0.0  0.00   2.3  16.0   09:21   NNE
 4   9.8  19.9   15:48  -0.1   06:44  55.2   0.0  0.00   0.9   9.0   15:34     W
 5  17.3  27.9   13:26   8.7   07:06  47.7   0.0  0.00   0.9  13.0   13:26   WNW
 6  25.9  39.3   14:58   6.4   03:17  39.1   0.0  0.05   0.5  10.0   14:52    SE
 7  37.3  45.3   13:55  29.8   06:51  27.7   0.0  0.01   1.1  12.0   11:08     E
 8  38.9  43.6   17:07  35.3   05:53  26.1   0.0  0.00   0.6   8.0   21:13     E
 9  44.5  60.5   11:49  33.3   23:59  20.5   0.0  0.18   2.4  19.0   13:15   WSW
10  37.4  47.7   16:04  29.3   23:58  26.5   0.0  0.00   0.6   9.0   10:27     N
11  39.5  56.9   17:46  24.0   07:53  25.5   0.0  0.00   0.5   9.0   14:12   ENE
12  49.6  54.8   14:34  41.6   00:07  15.3   0.0  0.48   1.1  11.0   12:27    SE
13  59.0  65.6   17:28  54.4   00:00   6.0   0.0  0.50   3.3  20.0   18:19    SE
14  42.3  60.0   00:00  37.7   20:14  22.7   0.0  0.02   3.4  17.0   02:59     W
15  41.1  53.3   17:25  30.2   23:55  23.9   0.0  0.00   1.6  16.0   00:16   WNW
16  44.1  63.9   17:47  24.2   05:55  20.9   0.0  0.00   0.9  11.0   13:35     W
17  42.8  57.3   17:47  28.0   07:24  22.2   0.0  0.00   0.6   8.0   00:34    NE
18  45.8  57.7   17:55  34.6   07:15  19.2   0.0  0.00   0.6   9.0   13:55    NE
19  49.9  64.9   15:42  42.0   04:25  15.1   0.0  0.27   1.0  12.0   12:00   ESE
20  50.4  63.3   18:03  42.8   06:01  14.6   0.0  0.01   1.0  14.0   17:53     W
21  46.8  63.7   17:49  35.9   07:12  18.2   0.0  0.00   0.6  10.0   11:52    NW
22  50.2  69.2   16:41  30.0   07:36  15.2   0.4  0.00   0.0   5.0   23:22     E
23  54.4  60.7   16:02  49.3   10:26  10.6   0.0  0.04   0.6  14.0   12:12   ESE
24  53.5  59.9   16:21  49.5   04:16  11.5   0.0  0.18   1.0  11.0   00:02     W
25  51.3  60.0   17:39  41.9   23:59  13.7   0.0  0.00   1.1  11.0   09:24   NNE
26  50.9  68.5   17:42  33.1   07:10  14.4   0.2  0.00   0.0   6.0   11:20    SE
27  62.3  75.3   14:45  49.0   01:29   5.7   3.0  0.00   0.3  15.0   12:06   SSE
28  56.2  62.0   00:00  50.7   22:01   8.8   0.0  0.42   0.6  10.0   03:03    NE
29  47.0  50.9   00:00  42.7   23:48  18.0   0.0  0.59   2.1  12.0   15:53    NE
30  39.3  46.6   17:18  33.1   23:56  25.7   0.0  0.24   2.0  19.0   13:33   NNE
31  37.6  52.8   17:44  27.5   07:18  27.4   0.0  0.00   0.6   9.0   17:01     N
----------------------------------------------------------------------------------
    41.7  75.3    27    -0.1     4   726.2   3.6  2.99   1.1  20.0    13       N

Max >=  80.0:  0
Max <=  32.0:  4
Min <=  32.0: 14
Min <=   0.0:  1
Max Rain: 0.59 on day 29
Days of Rain: 13 (>= 0.01 in)  8 (>= 0.10 in)  0 (>= 1.00 in)
Heat Base: 65.0  Cool Base: 65.0  Method: Integration