NOAA-Style Climate Reports

Select a Year or Month report
2020: Jan Feb Mar Apr May Jun Jul Aug Sep Oct Nov Dec
2019: Jan Feb Mar Apr May Jun Jul Aug Sep Oct Nov Dec
2018: Jan Feb Mar Apr May Jun Jul Aug Sep Oct Nov Dec
2017: Jan Feb Mar Apr May Jun Jul Aug Sep Oct Nov Dec
2016: Jan Feb Mar Apr May Jun Jul Aug Sep Oct Nov Dec

Report for 2019 February
                   Monthly Climatological Summary for Feb 2019

Name: Weather South Central Topeka   City: Topeka   State: KS
Elevation: 278 m  Lat: N 39° 01' 34"   Lon: W 095° 42' 31"

                  Temperature (°F), Rain (in), Wind Speed (mph)

                                      Heat  Cool        Avg
    Mean                              Deg   Deg         Wind                 Dom
Day Temp  High   Time   Low    Time   Days  Days  Rain  Speed High   Time    Dir
----------------------------------------------------------------------------------
 1  35.6  54.6   15:10  19.5   07:18  29.4   0.0  0.00   0.3   8.0   13:18   SSE
 2  50.2  61.3   16:13  32.3   00:00  14.8   0.0  0.00   0.7  10.0   20:58   SSE
 3  59.7  68.3   16:00  53.7   00:00   5.6   0.3  0.00   2.0  14.0   16:06   SSE
 4  34.0  59.8   00:09  20.9   23:50  31.0   0.0  0.00   1.9  14.0   08:43   NNE
 5  22.4  24.2   15:41  20.3   02:34  42.6   0.0  0.00   0.8   8.0   00:31   NNE
 6  22.6  24.3   14:10  21.3   23:53  42.4   0.0  0.00   1.4  11.0   22:38   NNE
 7  15.9  21.3   00:00  11.9   23:57  49.1   0.0  0.00   1.8  19.0   04:37   WNW
 8  15.5  25.4   16:01   6.9   07:20  49.5   0.0  0.00   0.4   9.0   00:45   NNE
 9  23.8  34.3   15:48  14.0   07:23  41.2   0.0  0.00   1.1  11.0   08:06   ESE
10  35.3  39.5   16:15  30.9   00:00  29.7   0.0  0.00   0.3   9.0   06:14   ESE
11  34.6  36.0   12:58  31.4   23:58  30.4   0.0  0.00   0.4   9.0   23:35   ENE
12  32.3  41.5   15:41  24.2   23:55  32.7   0.0  0.00   1.4  12.0   02:19     W
13  38.6  56.3   15:34  22.7   01:57  26.4   0.0  0.00   0.5   9.0   23:47   SSE
14  37.6  56.2   12:07  20.4   23:55  27.4   0.0  0.00   1.6  20.0   16:22     N
15  15.7  20.4   00:00  14.2   09:58  49.3   0.0  0.00   1.7  12.0   12:57   NNE
16  21.9  31.0   14:42  14.8   01:25  43.1   0.0  0.00   0.8   9.0   14:27   ENE
17  24.7  30.3   14:03  18.4   23:48  40.3   0.0  0.00   1.2  11.0   13:24     W
18  20.2  27.8   14:59  11.9   07:09  44.8   0.0  0.00   0.6  10.0   11:37     N
19  26.0  32.9   13:36  18.6   01:31  38.9   0.0  0.00   0.9  12.0   11:00     E
20  31.8  38.8   15:55  23.3   23:58  33.2   0.0  0.00   0.7  13.0   15:01     W
21  31.2  45.8   13:41  16.1   05:03  33.8   0.0  0.00   0.6  10.0   14:17     E
22  35.6  42.7   13:29  27.6   07:29  29.4   0.0  0.32   0.7   9.0   10:12   ESE
23  35.9  40.0   15:11  30.0   21:44  29.1   0.0  0.32   1.1  20.0   20:58   WNW
24  28.0  33.7   14:59  19.6   23:53  37.0   0.0  0.00   1.7  16.0   01:26   WNW
25  26.5  43.3   15:23  16.5   06:31  38.5   0.0  0.00   1.5  15.0   16:46    NE
26  24.2  31.1   13:40  18.8   05:33  40.8   0.0  0.01   1.0  12.0   03:05   NNE
27  19.3  23.0   15:45  14.1   23:50  45.7   0.0  0.00   1.7  14.0   15:46   NNE
28  21.1  31.2   15:55  14.1   00:00  43.9   0.0  0.00   0.7   8.0   02:17   NNE
----------------------------------------------------------------------------------
    29.3  68.3     3     6.9     8  1000.0   0.3  0.65   1.1  20.0    14     NNE

Max >=  80.0:  0
Max <=  32.0: 11
Min <=  32.0: 26
Min <=   0.0:  0
Max Rain: 0.32 on day 22
Days of Rain: 3 (>= 0.01 in)  2 (>= 0.10 in)  0 (>= 1.00 in)
Heat Base: 65.0  Cool Base: 65.0  Method: Integration