NOAA-Style Climate Reports

Select a Year or Month report
2020: Jan Feb Mar Apr May Jun Jul Aug Sep Oct Nov Dec
2019: Jan Feb Mar Apr May Jun Jul Aug Sep Oct Nov Dec
2018: Jan Feb Mar Apr May Jun Jul Aug Sep Oct Nov Dec
2017: Jan Feb Mar Apr May Jun Jul Aug Sep Oct Nov Dec
2016: Jan Feb Mar Apr May Jun Jul Aug Sep Oct Nov Dec

Report for 2019 January
                   Monthly Climatological Summary for Jan 2019

Name: Weather South Central Topeka   City: Topeka   State: KS
Elevation: 278 m  Lat: N 39° 01' 34"   Lon: W 095° 42' 31"

                  Temperature (°F), Rain (in), Wind Speed (mph)

                                      Heat  Cool        Avg
    Mean                              Deg   Deg         Wind                 Dom
Day Temp  High   Time   Low    Time   Days  Days  Rain  Speed High   Time    Dir
----------------------------------------------------------------------------------
 1  18.6  20.6   00:00  16.2   08:35  46.1   0.0  0.00   0.6  11.0   00:58     N
 2  27.6  39.7   15:27  20.0   00:00  37.4   0.0  0.00   0.3   8.0   11:20     W
 3  31.9  50.3   15:47  18.6   06:40  33.1   0.0  0.00   0.1   5.0   14:13   ESE
 4  35.4  56.8   15:11  21.1   06:55  29.5   0.0  0.00   0.2   6.0   13:15     W
 5  39.8  62.6   15:42  26.6   07:13  25.2   0.0  0.00   0.1   4.0   12:23    SE
 6  49.2  59.2   23:00  32.7   01:59  15.8   0.0  0.00   1.4  18.0   15:49    SE
 7  53.2  60.4   15:02  33.7   23:59  11.8   0.0  0.00   1.2  12.0   02:21   WSW
 8  45.0  53.8   14:23  33.3   23:41  20.0   0.0  0.00   1.4  19.0   03:15     W
 9  33.0  41.7   15:50  24.0   23:57  32.0   0.0  0.00   0.4  11.0   13:10    NW
10  33.6  44.2   15:23  21.8   03:58  31.4   0.0  0.00   0.7   9.0   11:04   ESE
11  38.0  42.3   03:05  33.7   19:48  27.0   0.0  0.47   0.1   5.0   10:09   ESE
12  32.6  33.8   00:13  31.4   23:59  32.4   0.0  0.01   0.0   2.0   01:20   ---
13  31.5  33.1   12:41  30.1   23:53  33.5   0.0  0.00   0.0   0.0   00:00   ---
14  30.9  33.8   23:25  27.3   08:04  34.1   0.0  0.00   0.0   0.0   00:00   ---
15  34.2  36.7   14:31  32.0   07:51  30.8   0.0  0.05   0.1   6.0   07:35   WSW
16  33.6  34.7   11:41  31.5   02:28  31.4   0.0  0.10   0.3   6.0   09:48    NE
17  34.2  36.1   16:15  32.4   07:12  30.7   0.0  0.19   0.1   5.0   02:09   NNW
18  34.8  39.5   12:51  24.8   23:53  30.2   0.0  0.49   1.3  13.0   10:28   ENE
19  16.5  24.8   00:00   8.1   22:27  48.5   0.0  0.00   1.5  13.0   02:08   NNE
20  18.2  29.5   14:25   5.7   04:45  46.8   0.0  0.00   0.6   9.0   12:46     E
21  28.1  37.7   23:59  19.1   05:05  36.9   0.0  0.00   1.9  13.0   14:52   ESE
22  33.9  41.1   06:44  20.6   23:57  31.1   0.0  0.50   1.2  15.0   14:21    NE
23  20.1  30.4   16:19   8.6   07:29  44.9   0.0  0.00   0.3  10.0   00:19     W
24  20.0  31.4   09:14   2.9   23:53  45.0   0.0  0.00   0.9  18.0   12:10     N
25  21.4  38.5   16:17   0.9   02:15  43.6   0.0  0.06   0.6  11.0   15:18     W
26  32.2  44.8   15:55  20.8   02:16  32.8   0.0  0.15   0.5   8.0   11:35     W
27  37.7  46.2   16:22  26.1   07:13  27.3   0.0  0.05   0.6   9.0   23:12   SSE
28  31.6  46.7   01:31  16.4   23:47  33.4   0.0  0.02   1.8  24.0   09:56   NNW
29  20.6  33.2   11:31  11.0   23:55  44.4   0.0  0.00   0.9  15.0   23:35     N
30   5.1  11.1   00:03  -1.3   07:16  59.9   0.0  0.00   0.8  15.0   00:08    NE
31  23.4  39.5   15:40   7.3   00:03  41.6   0.0  0.00   0.6   8.0   09:39   ESE
----------------------------------------------------------------------------------
    30.5  62.6     5    -1.3    30  1068.6   0.0  2.09   0.7  24.0    28     NNE

Max >=  80.0:  0
Max <=  32.0:  6
Min <=  32.0: 26
Min <=   0.0:  1
Max Rain: 0.50 on day 22
Days of Rain: 11 (>= 0.01 in)  6 (>= 0.10 in)  0 (>= 1.00 in)
Heat Base: 65.0  Cool Base: 65.0  Method: Integration