NOAA-Style Climate Reports

Select a Year or Month report
2020: Jan Feb Mar Apr May Jun Jul Aug Sep Oct Nov Dec
2019: Jan Feb Mar Apr May Jun Jul Aug Sep Oct Nov Dec
2018: Jan Feb Mar Apr May Jun Jul Aug Sep Oct Nov Dec
2017: Jan Feb Mar Apr May Jun Jul Aug Sep Oct Nov Dec
2016: Jan Feb Mar Apr May Jun Jul Aug Sep Oct Nov Dec

Report for 2018 December
                   Monthly Climatological Summary for Dec 2018

Name: Weather South Central Topeka   City: Topeka   State: KS
Elevation: 278 m  Lat: N 39° 01' 34"   Lon: W 095° 42' 31"

                  Temperature (°F), Rain (in), Wind Speed (mph)

                                      Heat  Cool        Avg
    Mean                              Deg   Deg         Wind                 Dom
Day Temp  High   Time   Low    Time   Days  Days  Rain  Speed High   Time    Dir
----------------------------------------------------------------------------------
 1  44.0  52.5   08:17  36.5   20:32  21.0   0.0  1.11   1.2  11.0   21:27   WSW
 2  35.4  37.5   10:19  31.5   23:52  29.6   0.0  0.00   1.4  14.0   09:32     W
 3  29.7  31.5   00:00  28.0   23:42  35.3   0.0  0.00   0.5  13.0   05:37   NNW
 4  28.7  32.1   17:31  25.5   07:48  36.3   0.0  0.00   0.3   7.0   07:24     W
 5  36.4  50.8   16:02  24.6   02:37  28.5   0.0  0.00   0.2   6.0   12:03    SW
 6  32.4  40.2   03:29  22.4   23:59  32.7   0.0  0.00   1.4  12.0   06:42   NNE
 7  25.7  33.9   15:29  20.3   07:53  39.3   0.0  0.00   0.1   5.0   13:47    NE
 8  27.8  39.0   15:39  19.7   06:53  37.2   0.0  0.00   0.4   8.0   13:07   ENE
 9  25.7  42.6   15:32  15.1   07:14  39.3   0.0  0.00   0.0   3.0   11:32   WNW
10  27.4  45.8   15:29  16.2   07:47  37.6   0.0  0.00   0.2   6.0   12:34     W
11  39.8  55.2   14:25  21.4   00:00  25.1   0.0  0.00   0.5   8.0   12:47   SSW
12  37.9  54.0   14:26  25.2   07:53  27.1   0.0  0.00   0.2   6.0   14:35    SE
13  40.4  43.7   06:57  37.0   23:50  24.6   0.0  0.00   1.1  12.0   17:48   NNE
14  38.5  51.2   14:56  24.8   23:59  26.5   0.0  0.00   1.3  13.0   05:11   NNE
15  33.8  56.5   15:37  20.1   07:10  31.2   0.0  0.00   0.1   3.0   11:54   ESE
16  36.4  57.7   15:26  22.3   07:34  28.6   0.0  0.00   0.3   8.0   16:07     N
17  35.6  58.2   15:40  22.6   07:21  29.4   0.0  0.00   0.2   5.0   13:28    SE
18  42.7  56.5   11:55  25.3   07:38  22.3   0.0  0.00   0.4  12.0   12:46   SSE
19  46.6  50.2   15:26  42.2   07:46  18.4   0.0  0.00   0.3   7.0   10:15   SSW
20  41.7  48.6   14:18  34.6   23:53  23.3   0.0  0.00   1.0  20.0   13:29   NNW
21  37.1  53.4   15:43  26.8   06:34  27.9   0.0  0.00   0.2   7.0   02:44     W
22  39.8  51.1   13:37  28.3   05:56  25.2   0.0  0.00   0.5  11.0   15:31   NNE
23  36.9  50.4   14:34  24.3   07:45  28.1   0.0  0.00   0.4   9.0   14:13     W
24  38.6  49.7   14:42  27.6   00:46  26.4   0.0  0.09   0.4  10.0   12:00    SE
25  41.1  52.2   14:19  29.9   07:25  23.9   0.0  0.01   0.2   7.0   14:07   ENE
26  47.0  52.4   23:57  40.7   04:11  18.0   0.0  1.95   1.3  18.0   22:20   ESE
27  45.2  56.0   11:26  26.8   23:40  19.8   0.0  0.12   2.6  19.0   02:27   SSW
28  25.5  27.9   13:12  21.5   23:23  39.5   0.0  0.00   1.3  16.0   07:15   WNW
29  21.7  30.4   15:57  17.6   08:32  43.3   0.0  0.00   0.1   6.0   01:29     W
30  32.5  45.6   14:22  19.9   02:37  32.5   0.0  0.00   0.6  11.0   14:04   SSE
31  34.4  40.2   14:19  20.6   23:59  30.6   0.0  0.42   0.6  13.0   22:57   WNW
----------------------------------------------------------------------------------
    35.7  58.2    17    15.1     9   908.5   0.0  3.70   0.6  20.0    20     WNW

Max >=  80.0:  0
Max <=  32.0:  3
Min <=  32.0: 26
Min <=   0.0:  0
Max Rain: 1.95 on day 26
Days of Rain: 6 (>= 0.01 in)  4 (>= 0.10 in)  2 (>= 1.00 in)
Heat Base: 65.0  Cool Base: 65.0  Method: Integration