NOAA-Style Climate Reports

Select a Year or Month report
2020: Jan Feb Mar Apr May Jun Jul Aug Sep Oct Nov Dec
2019: Jan Feb Mar Apr May Jun Jul Aug Sep Oct Nov Dec
2018: Jan Feb Mar Apr May Jun Jul Aug Sep Oct Nov Dec
2017: Jan Feb Mar Apr May Jun Jul Aug Sep Oct Nov Dec
2016: Jan Feb Mar Apr May Jun Jul Aug Sep Oct Nov Dec

Report for 2018 November
                   Monthly Climatological Summary for Nov 2018

Name: Weather South Central Topeka   City: Topeka   State: KS
Elevation: 278 m  Lat: N 39° 01' 34"   Lon: W 095° 42' 31"

                  Temperature (°F), Rain (in), Wind Speed (mph)

                                      Heat  Cool        Avg
    Mean                              Deg   Deg         Wind                 Dom
Day Temp  High   Time   Low    Time   Days  Days  Rain  Speed High   Time    Dir
----------------------------------------------------------------------------------
 1  48.7  61.2   16:10  42.0   20:51  16.3   0.0  0.00   0.2   8.0   14:14   NNE
 2  48.6  57.6   15:08  41.1   23:04  16.2   0.0  0.01   0.5  11.0   11:58     W
 3  51.7  61.8   13:52  42.5   00:00  13.2   0.0  0.06   0.4  10.0   10:09   ESE
 4  45.2  52.3   15:29  35.5   21:38  20.6   0.0  0.01   0.6  12.0   04:51     W
 5  48.6  58.3   15:08  39.1   00:00  16.4   0.0  0.26   0.1  10.0   15:12    SW
 6  43.3  53.9   12:58  34.0   23:29  21.7   0.0  0.17   0.2  11.0   12:16     N
 7  39.5  46.3   15:13  34.9   00:00  25.5   0.0  0.00   0.6  11.0   09:11   NNE
 8  33.2  35.7   00:00  30.3   02:19  31.8   0.0  0.00   0.2   7.0   04:10   NNE
 9  28.1  35.0   10:34  15.2   23:53  36.9   0.0  0.01   0.8  15.0   10:42   WNW
10  25.8  40.0   15:43  13.0   03:32  39.2   0.0  0.00   0.7  14.0   14:12    SE
11  35.7  49.1   13:22  22.4   04:44  29.3   0.0  0.12   1.3  15.0   22:30   NNE
12  28.2  31.6   03:05  20.6   23:47  36.8   0.0  0.00   2.6  17.0   10:42   NNE
13  22.8  35.0   15:33  13.1   07:15  42.2   0.0  0.00   0.2   7.0   10:32   NNW
14  28.5  42.8   15:16  16.8   06:42  36.5   0.0  0.00   0.2   6.0   10:31    SE
15  35.7  54.8   15:07  23.5   01:03  29.3   0.0  0.00   0.2   6.0   09:26   SSE
16  40.7  59.7   15:03  25.9   06:53  23.4   0.0  0.00   0.2   7.0   14:21    SE
17  35.2  40.9   07:12  28.1   23:46  29.8   0.0  0.00   2.6  16.0   13:09   NNE
18  27.8  36.5   15:53  23.9   23:31  37.2   0.0  0.00   0.8  11.0   02:50   NNE
19  34.6  47.5   13:33  23.4   00:17  30.4   0.0  0.00   0.4  10.0   15:09     N
20  35.9  50.8   15:35  22.6   07:34  29.1   0.0  0.00   0.2   9.0   13:10   SSE
21  44.8  63.8   15:21  30.1   07:17  20.2   0.0  0.00   0.3   9.0   12:23   SSE
22  49.4  64.3   15:17  36.3   06:52  15.6   0.0  0.00   0.8  10.0   20:46    SE
23  50.5  60.9   15:38  39.1   23:59  14.5   0.0  0.00   0.9  12.0   04:35    SE
24  48.2  64.5   15:36  31.0   07:24  16.8   0.0  0.00   0.3  10.0   23:21     E
25  34.4  51.7   00:00  21.6   23:43  30.6   0.0  0.00   2.8  20.0   10:50   NNE
26  26.6  33.0   14:49  17.3   06:21  38.4   0.0  0.00   0.4   9.0   01:35   WNW
27  23.3  29.8   00:00  16.3   20:50  41.7   0.0  0.00   0.3   9.0   05:39     N
28  31.8  43.7   15:26  22.8   00:00  33.2   0.0  0.19   0.4   8.0   09:55   ESE
29  37.5  51.9   14:17  27.3   02:30  27.5   0.0  0.13   0.3   7.0   14:25   NNE
30  36.6  45.3   13:20  26.7   05:08  28.4   0.0  0.01   0.8  10.0   23:48   ENE
----------------------------------------------------------------------------------
    37.4  64.5    24    13.0    10   828.7   0.0  0.97   0.7  20.0    25      NE

Max >=  80.0:  0
Max <=  32.0:  2
Min <=  32.0: 21
Min <=   0.0:  0
Max Rain: 0.26 on day 5
Days of Rain: 10 (>= 0.01 in)  5 (>= 0.10 in)  0 (>= 1.00 in)
Heat Base: 65.0  Cool Base: 65.0  Method: Integration