NOAA-Style Climate Reports

Select a Year or Month report
2020: Jan Feb Mar Apr May Jun Jul Aug Sep Oct Nov Dec
2019: Jan Feb Mar Apr May Jun Jul Aug Sep Oct Nov Dec
2018: Jan Feb Mar Apr May Jun Jul Aug Sep Oct Nov Dec
2017: Jan Feb Mar Apr May Jun Jul Aug Sep Oct Nov Dec
2016: Jan Feb Mar Apr May Jun Jul Aug Sep Oct Nov Dec

Report for 2018 September
                   Monthly Climatological Summary for Sep 2018

Name: Weather South Central Topeka   City: Topeka   State: KS
Elevation: 278 m  Lat: N 39° 01' 34"   Lon: W 095° 42' 31"

                  Temperature (°F), Rain (in), Wind Speed (mph)

                                      Heat  Cool        Avg
    Mean                              Deg   Deg         Wind                 Dom
Day Temp  High   Time   Low    Time   Days  Days  Rain  Speed High   Time    Dir
----------------------------------------------------------------------------------
 1  83.6  93.5   16:57  75.5   07:03   0.0  18.6  0.00   0.5  11.0   15:44   SSE
 2  79.7  89.5   14:49  73.3   07:13   0.0  14.7  0.00   0.2   8.0   15:16   ESE
 3  79.3  89.8   17:20  70.6   09:00   0.0  14.3  0.06   0.3   8.0   11:43    SE
 4  76.0  80.5   17:00  72.0   23:44   0.0  11.0  0.21   0.3  10.0   12:46    SE
 5  72.5  77.0   14:34  70.6   11:39   0.0   7.5  1.13   0.1   6.0   21:55   NNE
 6  70.7  73.2   17:28  68.5   03:34   0.0   5.7  0.05   0.8   8.0   16:00   NNE
 7  68.6  70.7   00:00  65.2   23:52   0.0   3.6  0.05   1.2  11.0   17:38   NNE
 8  66.8  73.8   17:18  62.9   09:50   0.4   2.2  0.00   1.3  12.0   10:23   NNE
 9  64.9  78.2   17:29  54.1   06:25   3.3   3.3  0.00   0.5   8.0   11:39    NE
10  65.9  80.8   17:52  53.0   07:19   3.7   4.7  0.00   0.2   6.0   14:34    SE
11  68.7  83.6   17:42  56.2   06:21   2.6   6.3  0.00   0.3   8.0   15:35    SE
12  70.4  82.3   17:32  58.6   07:00   1.7   7.1  0.00   0.4   8.0   13:58   ESE
13  72.3  80.3   17:07  65.4   04:31   0.0   7.3  0.00   0.3  10.0   16:30    SE
14  77.0  91.6   17:35  66.8   03:40   0.0  12.0  0.00   0.2   8.0   12:49   SSE
15  77.2  91.3   16:33  65.5   06:35   0.0  12.2  0.00   0.2   6.0   12:17     E
16  76.2  91.5   17:46  63.7   06:44   0.1  11.3  0.00   0.2   8.0   13:23     S
17  78.1  92.8   17:34  65.8   06:28   0.0  13.1  0.00   0.2   8.0   15:07     S
18  81.7  95.8   17:39  70.4   06:50   0.0  16.7  0.00   0.3   7.0   14:01     S
19  82.1  94.3   13:37  71.0   05:57   0.0  17.1  0.00   0.4   8.0   15:19   SSE
20  81.2  93.3   13:03  71.0   06:37   0.0  16.1  0.00   0.8  13.0   22:09     S
21  65.8  73.5   00:00  55.7   23:56   0.8   1.6  0.02   1.0  13.0   10:34    NE
22  58.9  76.1   17:31  46.1   07:22   8.0   1.9  0.00   0.4   9.0   13:01    NE
23  62.9  80.3   17:22  47.7   07:22   6.3   4.3  0.00   0.4   9.0   15:05   ESE
24  68.0  81.4   17:32  54.7   06:11   2.5   5.5  0.00   0.2   7.0   16:18   SSE
25  65.5  78.4   13:14  51.2   23:58   1.7   2.1  0.00   0.8  17.0   17:40    NE
26  54.7  72.4   17:43  43.4   06:36  11.0   0.8  0.00   0.3  10.0   13:08   NNE
27  57.6  75.8   17:41  43.3   07:23   9.7   2.3  0.00   0.3   5.0   11:25   SSW
28  55.3  66.1   12:56  45.9   06:15   9.7   0.0  0.06   1.8  16.0   18:06   NNE
29  58.8  70.8   16:29  47.5   04:39   7.8   1.6  0.14   0.2   9.0   10:28     E
30  72.2  78.9   15:25  66.4   00:00   0.0   7.2  0.00   0.1   6.0   14:47     E
----------------------------------------------------------------------------------
    70.4  95.8    18    43.3    27    69.3 232.1  1.72   0.5  17.0    25     ENE

Max >=  80.0: 17
Max <=  32.0:  0
Min <=  32.0:  0
Min <=   0.0:  0
Max Rain: 1.13 on day 5
Days of Rain: 8 (>= 0.01 in)  3 (>= 0.10 in)  1 (>= 1.00 in)
Heat Base: 65.0  Cool Base: 65.0  Method: Integration