NOAA-Style Climate Reports

Select a Year or Month report
2020: Jan Feb Mar Apr May Jun Jul Aug Sep Oct Nov Dec
2019: Jan Feb Mar Apr May Jun Jul Aug Sep Oct Nov Dec
2018: Jan Feb Mar Apr May Jun Jul Aug Sep Oct Nov Dec
2017: Jan Feb Mar Apr May Jun Jul Aug Sep Oct Nov Dec
2016: Jan Feb Mar Apr May Jun Jul Aug Sep Oct Nov Dec

Report for 2018 July
                   Monthly Climatological Summary for Jul 2018

Name: Weather South Central Topeka   City: Topeka   State: KS
Elevation: 278 m  Lat: N 39° 01' 34"   Lon: W 095° 42' 31"

                  Temperature (°F), Rain (in), Wind Speed (mph)

                                      Heat  Cool        Avg
    Mean                              Deg   Deg         Wind                 Dom
Day Temp  High   Time   Low    Time   Days  Days  Rain  Speed High   Time    Dir
----------------------------------------------------------------------------------
 1  76.9  86.2   18:04  68.0   23:59   0.0  11.9  0.43   0.1   9.0   10:04   WSW
 2  78.4  92.8   16:40  63.0   05:50   0.2  13.0  0.00   0.5  21.0   10:30   ESE
 3  85.7  99.3   14:51  69.8   06:17   0.0  20.7  0.00   0.8  12.0   14:39    SE
 4  85.8  96.4   16:53  74.8   06:27   0.0  20.8  0.00   0.7   9.0   11:16    SE
 5  82.4  92.3   13:25 -39.9   10:18   0.5  17.9  0.01   1.6  18.0   06:42   NNE
 6  83.1  93.0   17:36  75.7   06:16   0.0  18.1  0.00   1.9  16.5   07:34   NNE
 7  80.1  92.1   17:27  68.4   06:04   0.0  15.1  0.00   0.8  18.0   15:03     E
 8  79.1  96.2   17:23  61.0   06:18   0.4  14.4  0.00   0.3  12.0   10:18   ESE
 9  82.1  99.8   17:57  62.0   06:12   0.3  17.4  0.00   0.6  12.0   14:13   ENE
10  85.6  99.1   15:44  71.1   06:34   0.0  20.6  0.00   0.8  13.5   14:39    NE
11  87.8 101.7   16:47  73.4   06:34   0.0  22.8  0.00   0.4   9.0   12:09   SSE
12  89.2 102.9   17:02  74.0   06:19   0.0  24.2  0.00   0.1   9.0   20:19   SSE
13  86.3 100.6   15:36  75.2   06:39   0.0  21.2  0.00   1.4 119.0   10:13   SSW
14  80.1  89.9   18:08  73.7   05:20   0.0  15.1  0.06   0.4  12.0   03:51     N
15  82.0  96.5   14:45  69.5   06:43   0.0  15.9  0.00   0.6  12.0   15:51   NNE
16  83.1  95.8   17:33  71.9   07:32   0.0  18.1  0.20   0.0   4.5   14:14   ---
17  77.3  82.8   13:51  73.4   06:18   0.0  12.3  0.01   0.0   9.0   13:21   ---
18  79.4  90.6   17:59  69.1   05:49   0.0  14.4  0.00   0.0   7.5   11:51   ---
19  81.7  98.7   12:28  71.0   15:55   0.0  16.7  0.42   0.0   7.5   09:00   WSW
20  78.9  92.4   12:13  67.9   06:11   0.0  13.9  0.00   0.0   9.0   09:38    NE
21  66.4  94.2   17:29 -39.9   09:51   7.4   8.6  0.00   0.3  13.5   20:53   NNE
22  79.6  92.0   17:10  66.6   05:10   0.0  14.6  0.00   0.1  12.0   11:56    NE
23  78.4  89.4   16:20  65.5   06:18   0.0  13.4  0.00   0.2  12.0   14:19   NNE
24  79.7 107.4   10:01  66.1   06:10   0.0  14.7  0.00   0.9  18.0   10:15   NNE
25  77.9  95.1   13:19   0.9   12:09   0.9  13.7  0.00   0.3  10.0   11:36   ENE
26  74.5  87.5   18:45  65.8   23:25   0.0   9.4  0.07   0.2  20.0   09:12   NNE
27  75.8  91.3   16:14  60.5   04:29   0.9  11.7  0.00   0.9  16.0   10:41    NE
28  77.1  85.5   13:03  70.3   07:00   0.0  12.1  0.00   1.0   8.0   10:43     E
29  74.6  83.8   16:53  68.2   05:13   0.0   9.6  0.07   0.7  13.2   15:18   NNE
30  72.5  82.7   17:37  65.8   04:31   0.0   7.5  0.01   0.5  11.9   09:55    NE
31  72.6  88.6   16:44  57.8   06:35   1.5   9.1  0.00   0.8  12.0   15:53   NNE
----------------------------------------------------------------------------------
    79.8 107.4    24   -39.9     5    12.1 468.9  1.28   0.5 119.0    13      NE

Max >=  80.0: 31
Max <=  32.0:  0
Min <=  32.0:  3
Min <=   0.0:  2
Max Rain: 0.43 on day 1
Days of Rain: 9 (>= 0.01 in)  3 (>= 0.10 in)  0 (>= 1.00 in)
Heat Base: 65.0  Cool Base: 65.0  Method: Integration