NOAA-Style Climate Reports

Select a Year or Month report
2020: Jan Feb Mar Apr May Jun Jul Aug Sep Oct Nov Dec
2019: Jan Feb Mar Apr May Jun Jul Aug Sep Oct Nov Dec
2018: Jan Feb Mar Apr May Jun Jul Aug Sep Oct Nov Dec
2017: Jan Feb Mar Apr May Jun Jul Aug Sep Oct Nov Dec
2016: Jan Feb Mar Apr May Jun Jul Aug Sep Oct Nov Dec

Report for 2018 April
                   Monthly Climatological Summary for Apr 2018

Name: Weather South Central Topeka   City: Topeka   State: KS
Elevation: 278 m  Lat: N 39° 01' 34"   Lon: W 095° 42' 31"

                  Temperature (°F), Rain (in), Wind Speed (mph)

                                      Heat  Cool        Avg
    Mean                              Deg   Deg         Wind                 Dom
Day Temp  High   Time   Low    Time   Days  Days  Rain  Speed High   Time    Dir
----------------------------------------------------------------------------------
 1  28.3  36.8   00:00  25.5   22:15  36.7   0.0  0.00   0.8  17.0   10:02   NNE
 2  30.6  37.5   22:02  24.7   08:18  34.4   0.0  0.09   0.0   5.0   14:59    SE
 3  36.2  41.7   14:25  28.1   23:55  28.8   0.0  0.18   0.2  14.0   17:24    NW
 4  32.7  48.4   16:51  18.3   07:13  32.3   0.0  0.00   0.4  10.0   15:42    SE
 5  53.3  73.9   17:31  34.0   07:34  13.0   1.3  0.00   0.1   7.0   00:33     S
 6  36.2  51.7   00:00  21.2   21:18  28.8   0.0  0.00   0.2  17.0   07:30   NNE
 7  31.0  44.9   17:47  19.6   07:15  34.0   0.0  0.00   0.0   9.0   10:50   NNE
 8  34.7  39.3   13:51  30.3   01:28  30.3   0.0  0.04   0.0   4.0   20:00   ---
 9  38.6  49.2   14:35  28.9   03:56  26.4   0.0  0.00   0.0  12.0   11:33   ---
10  46.9  67.7   16:55  25.3   06:39  18.3   0.2  0.00   0.6  14.0   16:10   SSW
11  63.6  84.2   16:14  44.2   03:49   7.0   5.6  0.00   1.3  15.0   16:42   SSW
12  70.8  83.1   16:16  51.6   07:18   1.6   7.4  0.00   2.4  16.0   16:29   SSE
13  71.1  82.8   13:54  49.2   23:58   1.5   7.6  0.00   4.7  20.0   14:37   SSW
14  38.1  49.2   00:00  30.3   23:51  26.9   0.0  0.11   3.0  19.0   17:19     W
15  30.5  34.0   16:45  26.7   07:27  34.5   0.0  0.00   2.8  21.0   00:08    NW
16  40.8  56.6   18:30  30.8   02:56  24.2   0.0  0.00   1.5  16.0   02:58   NNW
17  52.7  70.3   17:49  37.6   06:55  13.0   0.7  0.00   1.2  13.0   11:03     E
18  46.2  59.4   00:00  36.3   23:46  18.8   0.0  0.00   3.2  23.0   17:52    NW
19  45.7  60.0   17:41  33.9   06:25  19.3   0.0  0.00   0.2  13.0   16:13    NE
20  51.1  63.7   14:52  32.3   06:57  13.9   0.0  0.00   0.0   9.0   13:04   ESE
21  49.3  55.7   00:00  45.3   07:02  15.7   0.0  0.28   0.3  10.0   15:03     N
22  56.5  68.8   17:34  46.7   01:32   8.9   0.4  0.06   1.5  18.0   15:16    NE
23  61.6  76.7   17:44  47.9   06:06   6.4   3.0  0.00   0.4  14.0   12:37   NNE
24  58.8  77.2   15:34  39.7   06:49   8.9   2.8  0.00   0.6  20.0   19:28     N
25  49.6  55.5   00:00  42.9   23:59  15.4   0.0  0.80   0.7  10.0   10:59   NNE
26  53.9  71.2   18:49  35.8   06:45  11.9   0.8  0.01   0.9   9.0   18:09   WNW
27  60.9  78.6   17:36  37.6   06:41   7.6   3.6  0.00   1.1  14.0   14:37     W
28  59.6  70.7   17:35  45.0   07:06   6.4   1.0  0.00   1.6  19.0   11:27   ENE
29  61.6  74.5   17:59  49.5   06:40   5.3   1.9  0.00   2.8  16.0   08:04    SE
30  70.8  82.8   17:37  58.4   06:41   1.5   7.3  0.00   3.1  18.0   13:16   SSE
----------------------------------------------------------------------------------
    48.7  84.2    11    18.3     4   531.7  43.6  1.57   1.2  23.0    18      SW

Max >=  80.0:  4
Max <=  32.0:  0
Min <=  32.0: 12
Min <=   0.0:  0
Max Rain: 0.80 on day 25
Days of Rain: 8 (>= 0.01 in)  4 (>= 0.10 in)  0 (>= 1.00 in)
Heat Base: 65.0  Cool Base: 65.0  Method: Integration