NOAA-Style Climate Reports

Select a Year or Month report
2020: Jan Feb Mar Apr May Jun Jul Aug Sep Oct Nov Dec
2019: Jan Feb Mar Apr May Jun Jul Aug Sep Oct Nov Dec
2018: Jan Feb Mar Apr May Jun Jul Aug Sep Oct Nov Dec
2017: Jan Feb Mar Apr May Jun Jul Aug Sep Oct Nov Dec
2016: Jan Feb Mar Apr May Jun Jul Aug Sep Oct Nov Dec

Report for 2018 March
                   Monthly Climatological Summary for Mar 2018

Name: Weather South Central Topeka   City: Topeka   State: KS
Elevation: 278 m  Lat: N 39° 01' 34"   Lon: W 095° 42' 31"

                  Temperature (°F), Rain (in), Wind Speed (mph)

                                      Heat  Cool        Avg
    Mean                              Deg   Deg         Wind                 Dom
Day Temp  High   Time   Low    Time   Days  Days  Rain  Speed High   Time    Dir
----------------------------------------------------------------------------------
 1  41.0  54.1   15:02  28.3   23:56  24.0   0.0  0.00   1.7  16.0   14:02     N
 2  43.5  61.7   16:57  23.6   05:03  21.5   0.0  0.00   0.2  11.0   09:00    SE
 3  55.6  69.2   15:28  41.8   03:00  10.0   0.7  0.00   0.1  18.0   13:40   SSE
 4  56.1  68.5   15:11  47.3   07:17   9.1   0.2  0.00   1.3  19.0   14:54    SE
 5  49.2  55.3   05:56  42.0   07:59  15.8   0.0  0.01   0.3  12.0   13:47     W
 6  36.7  42.1   00:00  31.9   23:54  28.3   0.0  0.02   0.2  17.0   08:59    NW
 7  34.3  47.2   16:48  23.6   07:04  30.7   0.0  0.00   1.3  16.0   19:59    NW
 8  32.3  49.4   17:04  18.3   07:04  32.7   0.0  0.00   0.2   6.0   10:28   NNE
 9  45.1  63.8   16:05  27.8   03:39  19.9   0.0  0.00   0.0   6.0   21:36   SSE
10  44.5  59.6   15:39  27.5   06:13  20.4   0.0  0.00   0.1   7.0   11:39   ESE
11  38.5  46.2   00:11  34.4   23:49  25.4   0.0  0.00   2.2  19.0   12:14   NNW
12  39.7  53.6   17:52  31.2   05:38  25.2   0.0  0.00   0.9  12.0   15:34     N
13  39.3  53.0   17:25  26.7   07:35  25.6   0.0  0.00   0.2  12.0   17:57   NNE
14  44.6  68.3   17:27  19.9   06:40  20.7   0.3  0.00   0.4  12.0   10:28    SW
15  60.4  77.4   16:45  38.3   07:41   7.9   3.3  0.00   0.4   9.0   23:47    SE
16  57.7  69.0   17:45  43.9   23:57   7.8   0.5  0.07   3.7  21.0   13:36   ESE
17  41.6  46.6   16:15  37.1   07:01  23.4   0.0  0.00   2.3  15.0   00:14    NW
18  44.6  54.8   16:37  38.7   06:06  20.4   0.0  0.13   1.5  10.0   15:22     E
19  43.7  50.4   16:15  39.3   10:28  21.3   0.0  0.95   3.7  18.0   11:56   NNE
20  42.0  44.8   14:27  37.9   23:49  23.0   0.0  0.00   1.3  12.0   20:23    NW
21  42.6  58.6   18:12  28.7   07:37  22.3   0.0  0.00   0.7   9.0   15:38   NNW
22  55.1  71.2   16:57  40.9   04:03  10.9   1.1  0.00   0.7  12.0   10:10    SE
23  54.3  63.0   14:44  46.4   07:48  10.7   0.0  0.00   0.1   7.0   01:27     E
24  47.3  54.9   01:37  39.5   23:47  17.7   0.0  0.00   0.0  11.0   20:49   NNE
25  41.3  51.1   17:12  34.9   07:44  23.7   0.0  0.00   1.5  12.0   13:17   ESE
26  48.2  54.2   17:39  43.4   00:00  16.7   0.0  0.39   0.1   7.0   21:34   NNW
27  42.9  46.1   17:06  39.5   23:58  22.1   0.0  0.00   0.0   8.0   15:51   NNW
28  45.0  55.1   17:42  33.9   07:23  20.0   0.0  0.00   0.0   5.0   15:51     E
29  41.0  44.4   19:04  36.5   23:59  24.0   0.0  0.00   0.0   2.0   18:36   ---
30  44.3  61.3   17:18  25.7   07:29  20.7   0.0  0.00   0.1   9.0   11:44     W
31  49.4  61.4   10:56  36.8   23:57  15.6   0.0  0.00   0.0  10.0   17:15   ---
----------------------------------------------------------------------------------
    45.2  77.4    15    18.3     8   617.5   6.1  1.57   0.8  21.0    16     NNE

Max >=  80.0:  0
Max <=  32.0:  0
Min <=  32.0: 12
Min <=   0.0:  0
Max Rain: 0.95 on day 19
Days of Rain: 6 (>= 0.01 in)  3 (>= 0.10 in)  0 (>= 1.00 in)
Heat Base: 65.0  Cool Base: 65.0  Method: Integration