NOAA-Style Climate Reports

Select a Year or Month report
2020: Jan Feb Mar Apr May Jun Jul Aug Sep Oct Nov Dec
2019: Jan Feb Mar Apr May Jun Jul Aug Sep Oct Nov Dec
2018: Jan Feb Mar Apr May Jun Jul Aug Sep Oct Nov Dec
2017: Jan Feb Mar Apr May Jun Jul Aug Sep Oct Nov Dec
2016: Jan Feb Mar Apr May Jun Jul Aug Sep Oct Nov Dec

Report for 2020 January
                   Monthly Climatological Summary for Jan 2020

Name: WXstation   City: Topeka   State: Kansas
Elevation: 920 ft  Lat: N 39° 01' 34"   Lon: W 095° 42' 32"

                  Temperature (°F), Rain (in), Wind Speed (mph)

                                      Heat  Cool        Avg
    Mean                              Deg   Deg         Wind                 Dom
Day Temp  High   Time   Low    Time   Days  Days  Rain  Speed High   Time    Dir
----------------------------------------------------------------------------------
 1  40.7  56.8   15:11  25.5   04:05  24.3   0.0  0.00   2.5  15.5   13:51   SSW
 2  44.1  53.6   13:22  38.3   08:13  20.9   0.0  0.00   1.4  16.0   19:56   WNW
 3  39.6  52.7   11:31  29.1   08:09  25.4   0.0  0.00   2.7  18.0   18:44   WNW
 4  35.8  48.4   11:40  23.5   07:40  29.2   0.0  0.00   2.6  18.7   02:48     W
 5  40.6  57.2   11:24  27.3   23:48  24.4   0.0  0.00   1.9  18.7   13:23   WNW
 6  34.9  48.7   14:33  24.6   02:10  30.1   0.0  0.00   1.0   9.6   19:42   WSW
 7  38.2  53.4   11:39  26.2   07:24  26.8   0.0  0.00   1.9  19.2   13:15   WSW
 8  42.2  54.7   15:44  27.7   02:04  22.8   0.0  0.00   3.5  15.5   11:56    SE
 9  52.4  64.6   11:38  40.5   20:46  12.5   0.0  0.00   4.3  21.2   10:10   SSW
10  33.6  45.0   00:00  21.6   23:21  31.1   0.0  0.75   2.5  14.0   13:32   NNE
11  21.5  25.9   14:53  14.9   09:08  43.5   0.0  0.00   0.0   0.0   00:00   ---
12  28.2  35.2   23:00  23.2   00:23  36.4   0.0  0.00   0.0   0.0   00:00   ---
13  37.9  47.7   16:09  24.8   05:00  27.1   0.0  0.08   1.0  11.1   13:50   SSE
14  43.4  49.5   15:02  32.0   07:48  21.6   0.0  0.00   1.1   9.1   14:18     E
15  37.9  47.8   02:54  17.6   23:59  26.9   0.0  0.00   3.0  16.0   09:43     N
16  19.9  27.1   23:50  11.7   07:44  45.1   0.0  0.00   3.3  12.5   03:08    NE
17  33.5  43.0   23:50  27.0   00:00  31.4   0.0  0.08   2.0  12.1   07:50    SE
18  31.6  42.4   00:28  21.9   23:58  33.4   0.0  0.04   3.5  21.7   10:03   WNW
19  19.5  26.4   11:34  13.6   22:30  45.5   0.0  0.00   2.8  16.5   09:50     N
20  17.4  25.3   11:11  10.0   23:43  47.6   0.0  0.00   2.4  14.5   14:13   NNE
21  22.5  36.3   22:52   7.9   04:36  42.5   0.0  0.00   2.3   8.9   10:27   SSE
22  35.5  37.2   02:13  34.0   07:02  29.5   0.0  0.20   3.0  11.0   11:31     S
23  36.6  41.0   12:26  32.4   22:36  28.4   0.0  0.08   0.9   8.7   21:37   WNW
24  32.9  36.3   15:23  26.6   23:56  32.1   0.0  0.04   0.6   9.6   14:59   WNW
25  31.9  38.1   14:52  26.1   00:11  33.0   0.0  0.04   0.0   4.0   14:40    SE
----------------------------------------------------------------------------------
    34.1  64.6     9     7.9    21   771.5   0.0  1.31   2.0  21.7    18       W

Max >=  80.0:  0
Max <=  32.0:  4
Min <=  32.0: 21
Min <=   0.0:  0
Max Rain: 0.75 on day 10
Days of Rain: 8 (>= 0.01 in)  2 (>= 0.10 in)  0 (>= 1.00 in)
Heat Base: 65.0  Cool Base: 65.0  Method: Integration