NOAA-Style Climate Reports

Select a Year or Month report
2020: Jan Feb Mar Apr May Jun Jul Aug Sep Oct Nov Dec
2019: Jan Feb Mar Apr May Jun Jul Aug Sep Oct Nov Dec
2018: Jan Feb Mar Apr May Jun Jul Aug Sep Oct Nov Dec
2017: Jan Feb Mar Apr May Jun Jul Aug Sep Oct Nov Dec
2016: Jan Feb Mar Apr May Jun Jul Aug Sep Oct Nov Dec

Report for 2020 May
                   Monthly Climatological Summary for May 2020

Name: WXstation   City: Topeka   State: Kansas
Elevation: 920 ft  Lat: N 39° 01' 34"   Lon: W 095° 42' 32"

                  Temperature (°F), Rain (in), Wind Speed (mph)

                                      Heat  Cool        Avg
    Mean                              Deg   Deg         Wind                 Dom
Day Temp  High   Time   Low    Time   Days  Days  Rain  Speed High   Time    Dir
----------------------------------------------------------------------------------
 1  70.5  91.4   11:54  54.0   01:37   3.2   8.7  0.00   1.2  13.2   12:09     S
 2  72.1  88.7   12:10  57.6   06:36   1.3   8.4  0.00   2.3  15.4   11:58   NNE
 3  69.5  86.9   12:19  60.8   23:55   0.7   5.2  0.00   1.9  10.1   10:17    NE
 4  57.4  63.0   15:38  50.2   11:55   7.6   0.0  1.85   1.7  32.0   09:13   ENE
 5  62.7  84.4   12:13  48.6   06:22   5.6   3.3  0.00   3.1  17.4   14:20   WNW
 6  58.5  74.7   12:16  46.4   06:35   7.4   0.9  0.00   1.5  11.0   12:15   NNW
 7  52.3  61.3   09:43  39.7   06:02  12.7   0.0  0.16   0.2   5.8   23:35   ENE
 8  54.7  71.1   11:34  41.5   23:59  10.5   0.2  0.04   3.4  17.4   03:53   NNE
 9  49.1  74.5   11:29  35.4   06:04  10.8   0.4  0.00   0.6   8.6   10:11    SW
10  53.4  71.4   11:50  39.9   06:24  11.9   0.3  0.00   3.5  19.2   13:43    NW
11  48.5  56.7   13:38  38.3   03:27  16.5   0.0  0.00   0.4  10.1   05:26    NW
12  50.5  58.6   14:50  44.8   03:02  14.5   0.0  0.00   0.9   9.5   13:26   ESE
13  58.2  69.3   19:27  50.2   05:15   7.7   0.9  0.04   0.9   8.9   18:18    SE
14  73.5  88.7   12:07  64.0   05:00   0.0   8.5  0.16   1.0   9.5   12:13   SSE
15  67.7  75.0   16:00  63.0   05:49   0.1   2.9  0.04   1.2  13.7   11:36    NE
16  68.4  77.5   15:28  59.4   06:00   1.0   4.4  0.00   0.1   7.8   13:29    NE
17  66.3  78.8   12:20  57.4   07:34   2.2   3.4  0.00   3.6  19.3   04:51    NW
18  61.0  70.7   16:20  53.2   23:44   4.8   0.8  0.00   3.2  16.5   01:58   NNW
19  63.1  71.6   13:27  53.8   00:00   3.7   1.8  0.00   1.6  11.5   09:31   NNE
20  64.9  75.2   11:34  51.6   05:58   3.7   3.6  0.00   0.6  10.3   11:02     E
21  68.4  80.6   15:28  57.9   05:02   1.9   5.3  0.00   0.6   7.8   11:59   ESE
22  69.0  80.2   15:52  62.6   10:16   0.4   4.5  0.59   1.2  10.3   10:15     S
23  75.2  89.6   12:20  60.3   05:45   1.0  11.2  0.00   1.0  16.5   03:51   WSW
24  78.5  95.4   08:52  70.2   23:50   0.0  13.5  0.00   0.8  10.9   14:21     S
----------------------------------------------------------------------------------
    63.1  95.4    24    35.4     9   129.2  88.2  2.88   1.5  32.0     4       N

Max >=  80.0:  9
Max <=  32.0:  0
Min <=  32.0:  0
Min <=   0.0:  0
Max Rain: 1.85 on day 4
Days of Rain: 7 (>= 0.01 in)  4 (>= 0.10 in)  1 (>= 1.00 in)
Heat Base: 65.0  Cool Base: 65.0  Method: Integration